{"id":216,"date":"2011-06-29T23:16:00","date_gmt":"2011-06-29T21:16:00","guid":{"rendered":"http:\/\/philippelanglois.net\/lcd\/?page_id=216"},"modified":"2024-04-27T15:58:30","modified_gmt":"2024-04-27T13:58:30","slug":"musee-du-son","status":"publish","type":"page","link":"https:\/\/philippelanglois.net\/lcd\/?page_id=216","title":{"rendered":"Mus\u00e9e du Son"},"content":{"rendered":"<p>Le mus\u00e9e du son est un projet de mus\u00e9e nomade, sans mur, en dehors d&rsquo;un double mur du son qui s&rsquo;est mu en murmures :\u201c&#8230; C&rsquo;est un lieu virtuel qui regroupe un large \u00e9ventail d&rsquo;\u0153uvres qui appartiennent au champ des arts plastiques sonores : sculptures, installations, art sonore, performances, audiovisuel, radio, cin\u00e9ma, vid\u00e9o, po\u00e9sie sonore, Sound Landscape, \u0153uvres interactives&#8230;<\/p>\n\n\n<figure class=\"wp-block-image size-full is-resized\"><a href=\"http:\/\/philippelanglois.net\/lcd\/wp-content\/uploads\/2024\/04\/Guitar-plazza.jpg\"><img loading=\"lazy\" src=\"http:\/\/philippelanglois.net\/lcd\/wp-content\/uploads\/2024\/04\/Guitar-plazza.jpg\" alt=\"\" class=\"wp-image-2708\" width=\"1006\" height=\"578\" srcset=\"https:\/\/philippelanglois.net\/lcd\/wp-content\/uploads\/2024\/04\/Guitar-plazza.jpg 513w, https:\/\/philippelanglois.net\/lcd\/wp-content\/uploads\/2024\/04\/Guitar-plazza-300x173.jpg 300w\" sizes=\"(max-width: 1006px) 100vw, 1006px\" \/><\/a><\/figure>\n","protected":false},"excerpt":{"rendered":"<p>Le mus\u00e9e du son est un projet de mus\u00e9e nomade, sans mur, en dehors d&rsquo;un double mur du son qui s&rsquo;est mu en murmures :\u201c&#8230; C&rsquo;est un lieu virtuel qui regroupe un large \u00e9ventail d&rsquo;\u0153uvres qui appartiennent au champ des arts plastiques sonores : sculptures, installations, art sonore, performances, audiovisuel, radio, cin\u00e9ma, vid\u00e9o, po\u00e9sie sonore, [&hellip;]<\/p>\n","protected":false},"author":1,"featured_media":0,"parent":0,"menu_order":3,"comment_status":"closed","ping_status":"open","template":"","meta":[],"_links":{"self":[{"href":"https:\/\/philippelanglois.net\/lcd\/index.php?rest_route=\/wp\/v2\/pages\/216"}],"collection":[{"href":"https:\/\/philippelanglois.net\/lcd\/index.php?rest_route=\/wp\/v2\/pages"}],"about":[{"href":"https:\/\/philippelanglois.net\/lcd\/index.php?rest_route=\/wp\/v2\/types\/page"}],"author":[{"embeddable":true,"href":"https:\/\/philippelanglois.net\/lcd\/index.php?rest_route=\/wp\/v2\/users\/1"}],"replies":[{"embeddable":true,"href":"https:\/\/philippelanglois.net\/lcd\/index.php?rest_route=%2Fwp%2Fv2%2Fcomments&post=216"}],"version-history":[{"count":7,"href":"https:\/\/philippelanglois.net\/lcd\/index.php?rest_route=\/wp\/v2\/pages\/216\/revisions"}],"predecessor-version":[{"id":2709,"href":"https:\/\/philippelanglois.net\/lcd\/index.php?rest_route=\/wp\/v2\/pages\/216\/revisions\/2709"}],"wp:attachment":[{"href":"https:\/\/philippelanglois.net\/lcd\/index.php?rest_route=%2Fwp%2Fv2%2Fmedia&parent=216"}],"curies":[{"name":"wp","href":"https:\/\/api.w.org\/{rel}","templated":true}]}}